k + 1. Let x(t) = 9*t**3 + 2*t**2 + 2*t + 1. Let r be x(-1). List the prime factors of w(r).
17
Let l be ((-12)/(-14))/(8/(-56)). Let s(w) = -w**2 - 2*w + 5. Let n be s(l). Let g = n + 32. What are the prime factors of g?
13
Let x be 40/6*(3 - 9/6). Let c(v) = -v**2 + 2*v + 2. Let k be c(2). Suppose k*h - 18 - x = 0. List the prime factors of h.
2, 7
Let n(t) = 6*t - 7*t - 7 + 2. Let z be n(-8). Suppose 6*c - z*c = 54. What are the prime factors of c?
2, 3
Let g = 9 + -4. Suppose -3*v - 6 = -3*p - 4*v, -5*p + 10 = -g*v. Let k(f) = f**3 - f**2. What are the prime factors of k(p)?
2
Let h be 2/2 + 22/1. Let a(q) = 3*q**2 + 7*q - 1. Let m be a(-3). Suppose 59 = 5*s + 4*t, 2*s - m*t - h = -6. What are the prime factors of s?
11
Suppose 0 = g - 3*g + 240. Suppose 4*i = 3*h + 93, -3*i - 2*i = -3*h - g. Suppose -5*t = 2*q - 8 - i, q - 2*t - 4 = 0. List the prime factors of q.
2, 5
Let a be (-36)/14*(-2 - 5). Suppose x - 22 = 2*r, 0*r - 3*x = -2*r - a. Let i = r - -18. List the prime factors of i.
2, 3
Let u = 1 - 0. Suppose -2*n - 15 = u. Let g = n + 12. What are the prime factors of g?
2
Suppose 0 = 3*x + 2*b + b - 402, -4*x - b + 545 = 0. What are the prime factors of x?
137
Suppose -4*f - 1 = -9. Suppose -3*k + 50 = f*k. What are the prime factors of k?
2, 5
Suppose 241 = 5*r + c, -61 - 40 = -2*r - 5*c. What are the prime factors of r?
2, 3
Let o(d) = 3*d - 5. Let j(k) be the third derivative of k**4/8 - k**3 + 3*k**2. Let m(v) = 4*j(v) - 5*o(v). What are the prime factors of m(-2)?
7
Let a(o) = o**2 + 5*o - 7. Let n be a(-6). List the prime factors of (8 + n + 0)/1.
7
What are the prime factors of 2/(-3) + (2720/12 - 4)?
2, 3, 37
Suppose 16 = z + 2. Suppose l + 4 - z = 0. List the prime factors of l.
2, 5
Let c(f) = f - 3. Suppose 14 = 2*o - o - 2*z, o - 4*z - 20 = 0. Let g be c(o). Suppose 4*x - 4*s - 17 = -x, g*s = 10. What are the prime factors of x?
5
Let x = -13 - -46. List the prime factors of x.
3, 11
Let m(a) = 25*a + 1. List the prime factors of m(4).
101
Let c(j) be the third derivative of j**4/24 - j**3/3 + 2*j**2. Let s be c(1). What are the prime factors of (2 + s)*(5 + -2)?
3
Let c = -23 + 46. Suppose 0 = 5*h - 7*z + 3*z - c, 0 = -2*z - 4. List the prime factors of h.
3
Suppose -3*w + 209 = -v, 2*w = -v + 116 + 30. What are the prime factors of w?
71
Let k be (-6)/(-1)*28/6. Suppose -3*w + 9 + 1 = -4*l, 4*w + 2*l - k = 0. Suppose 2*y - 16 - w = 0. List the prime factors of y.
11
Let c = -622 - -60. What are the prime factors of c/(-12) - (-8)/48?
47
Let k = -10 + 7. Let z = 6 + k. Suppose -z*j + 12 = -18. What are the prime factors of j?
2, 5
Suppose 8 = 4*k - 0*k. Let b be -1 + -1 + 2/k. What are the prime factors of b/2 - (-15)/6?
2
Let l(u) = 17*u**2 - 6*u - 16. What are the prime factors of l(4)?
2, 29
What are the prime factors of -4*(-3)/30 + 3492/20?
5, 7
Let v = -44 + 58. List the prime factors of v.
2, 7
Suppose 247 = 5*q - 3*p - 50, 179 = 3*q - p. List the prime factors of q.
2, 3, 5
Let m = 29 - 20. Let r = m - 7. List the prime factors of r/(-4)*(-23 + 1).
11
Suppose 7*w - 1058 + 239 = 0. List the prime factors of w.
3, 13
Let l = 13 + -8. List the prime factors of l.
5
Let d be 16/20*110/4. Suppose -2 = 4*i - d. Suppose i*x = 85 - 25. List the prime factors of x.
2, 3
Suppose -20 = 2*w + 2*w + 4*s, -w - 4*s = -1. Let k = 8 + w. List the prime factors of k/(3/42*2).
7
Suppose -d - 22 = 8. Let z = -76 - -58. Let a = z - d. What are the prime factors of a?
2, 3
Let p = -24 - -60. Suppose -2*g - g = -p. Suppose -3*m = 5*l - 18, 2*m - 5*l = 4*m - g. List the prime factors of m.
2, 3
Let y be (-4 + 0)*(-2 + 1). Suppose 4*c + 84 = y*b - 0*b, c - 5*b + 1 = 0. Let k = -10 - c. What are the prime factors of k?
2
Suppose -2 - 12 = -h - 3*i, 0 = -h - i + 6. Let m be ((-12)/h)/(6/(-20)). Suppose 4*c - 35 = c + 2*o, m = -5*o. What are the prime factors of c?
3
Suppose 28 + 128 = -3*g. List the prime factors of (4/4*g)/(-2).
2, 13
Let s(f) = f + 474. Let y be s(0). Suppose 3*n - 1000 = -4*u, -n + 5*u - 147 = -y. List the prime factors of n/36 - 2/9.
3
Let n be 3/(11/4 + -2). Suppose -n*f - 5*o + 1 = -0*f, 5*o + 35 = 5*f. What are the prime factors of f?
2
What are the prime factors of (8/(-12))/(-4 - 622/(-156))?
2, 13
Let w be (-3)/(-4)*-2*-2. Let j be w/9 + (-15)/(-9). Suppose -j*s = -0*s - 34. What are the prime factors of s?
17
Let u(k) = k**3 + 16*k**2 - 16*k + 21. Let p be u(-17). Let r = 6 - p. What are the prime factors of r?
2
Let a(v) = -v**2 - 7*v + 7. Let c be a(-7). Let n(f) = -3*f + 6. Let s(u) = u - 1. Let i(m) = -n(m) - 2*s(m). List the prime factors of i(c).
3
Let y be 4*((-14)/(-8) + -1). Suppose 3*x + y*v = 5*v + 9, -2*v = 2*x - 16. List the prime factors of (-20)/(-6)*18/x.
2, 3
Let a(u) = 4*u**3 - 3*u**2 - 2*u + 6. Let h(w) = 5*w**3 - 4*w**2 - 2*w + 7. Let v(c) = -7*a(c) + 6*h(c). What are the prime factors of v(2)?
2
Suppose 0 = d + 2*d - 6, -d + 322 = 5*b. What are the prime factors of b?
2
Let l be 2 - -1*(1 - 0). Suppose 0 = q - 1 - l. Suppose -37 = -q*j - 5*n, 0 = n - 3 - 2. What are the prime factors of j?
3
Let l(m) = -m**3 + 12*m**2 + 14*m + 11. Suppose -g = -3*g + 26. List the prime factors of l(g).
2, 3
Suppose y - 4*y = -18. What are the prime factors of 6*(-1 - (-8)/y)?
2
Let p = 92 + -29. What are the prime factors of p?
3, 7
Let t(i) = -i**2 - 5*i + 5. Let f be t(-5). Let r be (18/f)/(8/20). Let p = -3 + r. What are the prime factors of p?
2, 3
Let t(p) = 3*p - 4*p + 2 - 3 - 1. Let m be t(-3). List the prime factors of -3 + m + (2 - -10).
2, 5
Let r(m) be the third derivative of m**5/60 + m**4/24 + 13*m**3/3 + 2*m**2. What are the prime factors of r(0)?
2, 13
Suppose -4*l - 5*r = 10, 0 = 3*l + 2*r + r + 6. Suppose 4 = -h, 28 = 4*i + 4*h - l*h. List the prime factors of i.
11
Let u(j) = 128*j**3 + j**2 - 5*j + 4. List the prime factors of u(1).
2
Let h = 17 - 42. Let g = 41 + h. List the prime factors of g.
2
Let z(i) = -i**2 + 5*i - 2. Let r be z(3). Suppose 42 = r*w - 3*b + b, 4*b + 39 = 3*w. List the prime factors of w.
3
Let d(j) = -j**3 + 5*j**2 + 7*j - 1. Let l be d(6). Suppose 190 = l*z - 0*z. What are the prime factors of z?
2, 19
Let x = 365 + -223. What are the prime factors of x?
2, 71
Suppose 0 = -5*y - 32 + 197. Let w = y - 17. List the prime factors of w.
2
Suppose 0*l + 2*l = 14. Let w(n) = -n**3 + 8*n**2 - 6*n - 5. Let k be w(l). Suppose -2*y + 4 = -k. List the prime factors of y.
3
Let j(i) = i + 2. Let m be j(3). Let r(n) = 2*n - 2. What are the prime factors of r(m)?
2
What are the prime factors of ((-2495)/25 - (-3)/(-15))*-1?
2, 5
Let o(i) = -i**2 + 6*i. Let m be o(6). Let n = m + 6. What are the prime factors of 2 + 3/n*4?
2
Let s = 12 + 35. List the prime factors of s.
47
Suppose -5*p - 5*l + 10 = 0, -2*p - p + 20 = -4*l. Suppose 5*m + 4*q - 83 = -20, -p*m - q = -57. List the prime factors of m.
3, 5
Let o(i) = -i + 3. Let p be o(-3). List the prime factors of (p/(-3))/1 - -25.
23
Let n(l) = -l**2 - 5*l + 3. Let r(a) = -a**2 + 4. Let u be 2/4*1*-6. Let y be r(u). List the prime factors of n(y).
3
Let v(l) = l**3 - 4*l**2 - 4*l - 2. Let y be v(5). Suppose -120 = -5*o - h, -16 = 2*o + 2*h - 64. Suppose o = -j + y*j. What are the prime factors of j?
2, 3
Suppose 0 = -5*k + 4*o - 5, -4*k + o + 1 - 5 = 0. Let q = 1 + k. Suppose q = 4*v - 56 + 16. List the prime factors of v.
2, 5
Let s be 2*(-3)/(-6) - -5. Suppose 2*r + 16 = s*r. Suppose 0 = r*t - 35 - 21. List the prime factors of t.
2, 7
Let q = -8 + 27. List the prime factors of q.
19
Let k be 1*(20 + (-4)/(-4)). Suppose 22*m = k*m + 16. List the prime factors of m.
2
Suppose -3*a + 4 + 2 = 0. Let b be a + (-1)/((-3)/21). List the prime factors of 24/b*(-27)/(-6).
2, 3
What are the prime factors of ((-37)/(-3))/(66/(-18) + 4)?
37
Let b(g) = 3*g**3 - g**2 + 5*g. Let o(j) = -5*j**3 + 2*j**2 - 10*j - 1. Let u(h) = -7*b(h) - 4*o(h). Suppose s + 9 = -2*s. List the prime factors of u(s).
7
Suppose 97 + 379 = 4*y. Let q = y + -81. List the prime factors of q.
2, 19
Suppose 2*f - 54 = 28. List the prime factors of f.
41
Let j(d) be the second derivative of d**3/6 - d**2/2 - 4*d. Let n be j(3). Suppose n*u = 4*c - 36, -u = -c + u + 9. What are the prime factors of c?
3
Let r(l) be the third derivative of l**6/360 + l**5/120 - l**4/12 